 s - 4*c. What is the units digit of s?
3
Let v(j) = 2*j + 7. Let i be v(-5). Let h = i - -10. Suppose 1 - h = -2*w. What is the units digit of w?
3
Suppose 0*t = 5*t - 15. Suppose t*j + 12 = j. What is the tens digit of ((-52)/(-10))/(j/(-15))?
1
Let g(v) = -v. Let l(n) = 1. Let p(k) = -g(k) + 6*l(k). What is the units digit of p(-5)?
1
Let k be 1/(-4) + (-282)/(-8). Let v = k + -56. What is the units digit of v/(-6)*(-1 + 3)?
7
Suppose 0 = 6*o + 51 + 15. Let b(s) = -s**3 + 7*s**2 + 3*s. Let i be b(7). Let v = o + i. What is the units digit of v?
0
Let f = 24 + -27. What is the units digit of (4 + 20)*(f - -4)?
4
Suppose h = 2*t - 0*t + 26, 0 = 5*h + 5*t - 100. What is the units digit of h?
2
What is the tens digit of (-1)/(2 + ((-570)/(-284))/(-1))?
4
Let v be 102/(-12)*(-1 - 1). Let y = v + -9. What is the units digit of y?
8
Let m be -1 - 1 - (17 + -21). Suppose m*s - 2*v - 54 = 0, -4*s - 3*v = -v - 102. What is the tens digit of s?
2
Suppose 0 = -2*h - 2, -h = -j - 3*j + 173. What is the units digit of j?
3
Let o be (3/15)/((-1)/(-5)). Let z(g) = 26*g**2 + g - 1. What is the units digit of z(o)?
6
Suppose c = 4*q + 36, 3*c - 2*q - 27 - 81 = 0. Let p = c - 24. What is the tens digit of p?
1
Let w(z) = z**3 - 5*z**2 + 3*z + 2. Let b be w(4). Let r be (-33)/2 - 1/b. What is the units digit of r/(-10) - (-6)/(-10)?
1
Suppose 5*w + v - 21 = 5, -2*v + 22 = 4*w. Suppose -3*p - w*m = 29, 2*p + 5*m + 37 = -2*p. Let l = 18 + p. What is the units digit of l?
0
Suppose -3*w = -219 - 57. What is the tens digit of w?
9
Suppose -2773 + 593 = -10*t. What is the hundreds digit of t?
2
Let g be 32/(-12)*114/(-8). Let m = g - 20. What is the tens digit of m?
1
Let l = 71 + -39. Suppose 2*g - 2 - l = 0. What is the tens digit of g?
1
Let p be (-100)/(-8) + 2/4. Let r = p - 6. Suppose -v + 3 + r = 0. What is the tens digit of v?
1
Let q be (-6)/(-1 + -2)*10. Suppose 4*k - 2*k = q. What is the tens digit of k?
1
Suppose -2*t = t + 15. Let z = 27 + t. What is the units digit of z?
2
Suppose -265 = -k - 4*k. Suppose 5*n + 11 = c, 5*c - k = 2*n + 2. What is the tens digit of c?
1
Let p(a) be the first derivative of 7*a**4/12 + a**2 + 2. Let h(m) be the second derivative of p(m). What is the units digit of h(1)?
4
Let m(g) be the first derivative of g**2 - 9*g - 1. Let s(v) = -v**2 + 6*v + 6. Let r be s(6). What is the units digit of m(r)?
3
Let t be 36*(2 + (-16)/6). Let v = -9 - t. What is the units digit of v?
5
Suppose -3*d - x = -6 - 8, 2*d + x - 8 = 0. Suppose 3*a + 90 = d*a. What is the tens digit of a?
3
Let n be ((-1)/(-4))/(4/16). Let j(r) = 5*r**3 - r**2 + 2*r - 1. What is the units digit of j(n)?
5
Let p(x) = 7*x**2 - 6*x + 5. What is the units digit of p(3)?
0
Suppose 0 = -k - 4*i + 74, 6*i - 2*i = 4. Suppose -5*t = -20 - k. What is the tens digit of t?
1
Suppose 0 = 5*y + 4*k + 24 + 26, y = -4*k + 6. Suppose -4*p - 67 = -2*t - 9*p, 0 = 5*p - 15. Let w = t + y. What is the units digit of w?
2
Suppose -7 = -2*x + 1. Suppose 2 = 2*l, -x*p = -4*l - 48 - 0. Suppose 0*z + p = z. What is the units digit of z?
3
Let r(z) = -z**2 - 7*z - 2. Let w be r(-6). Suppose -l - w*b = 9, 4*b + 0*b = -12. Let q = l - 2. What is the units digit of q?
1
Suppose 0 = -h - 3*f + f + 1, -8 = h + 5*f. Suppose -t + 3*u = 8, 5*t - h*u = -2*u. Suppose 50 = j + 4*m + 20, -5*m = -t*j + 57. What is the tens digit of j?
1
Let g(l) be the first derivative of l**4/4 + 5*l**3/3 - 9*l**2/2 - 3*l + 2. Let c = -18 + 12. What is the units digit of g(c)?
5
Let c be 1 + -2 + 6 + 2. Let k = 12 - c. What is the units digit of k?
5
Let t = 120 - 59. What is the tens digit of t?
6
Suppose -2*x - 18 = -4*x. Suppose 21 + x = -2*z. Let h = z - -25. What is the tens digit of h?
1
Let l = 4 + -1. Suppose -4 - 6 = -2*i + 2*q, 15 = l*q. What is the tens digit of i?
1
Let t(u) = 12*u**2. Let v(f) = -f**2 - 3*f - 1. Let s be v(-3). Let j be t(s). Suppose 2*a = -0*a + j. What is the units digit of a?
6
Let k = 12 + -19. Let r = k - -11. What is the units digit of r?
4
Let j(q) = 2*q**2 - 8*q + 1. Let m be j(7). Suppose -4*x + 5*s + m = -x, 0 = -2*x + 4*s + 26. What is the tens digit of x?
2
Let m(y) = 4 + y + y - 2*y**3 + 3*y**2 + y**3. Let v be m(3). Suppose -3*t + t = -v. What is the units digit of t?
5
Let p(z) = 2*z - 5. Let f be p(5). Suppose 4*c - f = 7. Let w = 1 + c. What is the units digit of w?
4
Let p(n) be the second derivative of -n**5/20 - n**4/4 - n**3/2 - 3*n**2/2 + 3*n. What is the units digit of p(-3)?
6
Suppose -1452 - 606 = -14*u. What is the tens digit of u?
4
What is the tens digit of (-48)/21 + 2 + (-436)/(-7)?
6
Suppose 5*i + 3*j - 29 = 0, 3*j - 25 = -4*i - 0*j. Suppose 2*y + i = -4*l, 0*l + 14 = y - 2*l. What is the units digit of y?
6
Let h = 569 + -374. What is the hundreds digit of h?
1
Let w = 1 - -3. Suppose -w = h - 5*h. What is the units digit of h?
1
Let f(u) be the first derivative of u**5/20 - 2*u**4/3 + 4*u**3/3 + 3*u**2 - 2*u + 3. Let q(o) be the first derivative of f(o). What is the tens digit of q(7)?
1
Let a = -6 - -15. What is the units digit of 191/a - 4/18?
1
Let y(j) = -j**3 + 5*j**2 - j - 4. Let g be y(4). Suppose 4*r = 4*i + g, 0 = 4*i + 2*r - 7 - 9. What is the units digit of i?
2
Let b(o) = 25*o + 1. Let k(g) = 12*g + 1. Let l(r) = -3*b(r) + 5*k(r). What is the units digit of l(-2)?
2
Let o(w) = -w**2 + 7*w - 7. Let f be o(5). Let d = 1 - -7. Suppose 18 = 5*h + f*a - d, a = 3*h - 24. What is the units digit of h?
7
Let o = 13 - -12. What is the tens digit of 2/10 + 870/o?
3
Suppose 5 = o - 1. Suppose -2*n + 0 = -o. What is the units digit of n?
3
What is the units digit of (-65)/(-15) - 3/9?
4
Let w = 2 - 4. Let z = w - -3. Suppose -z = -2*o + 5. What is the units digit of o?
3
Let i = 164 + -98. What is the units digit of i?
6
Let a be (-2)/4*0 - -118. Suppose 0 = -5*g + 542 + a. What is the units digit of g/20 - (-4)/10?
7
Let y be (-10)/4*(-8)/(-10). What is the units digit of (-57)/y - 3/6?
8
Suppose 5*x + 5 - 13 = -2*u, -5*x = -5*u + 20. Let m = u - -2. Suppose -15 = -5*o + 2*w, 3*w + 19 = -2*o + m*o. What is the units digit of o?
1
Let d(y) = 2*y**2 - 5*y - 1. What is the tens digit of d(4)?
1
Let f = 131 - 41. What is the units digit of f?
0
What is the tens digit of -1 + 7 - (-21 - 2)?
2
Let v = 196 - 123. What is the units digit of v?
3
Suppose 3*t - 86 = 37. What is the tens digit of t?
4
Let w(x) = 44*x + 1. What is the units digit of w(1)?
5
Let r(q) = q**2 + 0 - 1 + 4 + 2*q - 2. What is the units digit of r(-2)?
1
Suppose -7*t = -3*t. Suppose -4*q + 2*l = t, 2*l + 0 + 2 = 3*q. Let r = 7 + q. What is the units digit of r?
5
Suppose -2*y = -0*w - w + 4, -4*w - 3*y + 16 = 0. Suppose c + c = w. What is the units digit of c?
2
Suppose 0 = 6*k - 2*k + 48. What is the units digit of ((-28)/16)/(1/k)?
1
Suppose 3*l - 794 = -5*j, 3*l = -0*j - 2*j + 782. What is the hundreds digit of l?
2
Suppose 3*q + 9 = -0*o - o, 4*q = -12. Let d = 9 + o. What is the units digit of d?
9
Suppose -141 = -10*o + 7*o. What is the tens digit of o?
4
Suppose -2*n + 3*b - 2*b - 31 = 0, -5*n - 78 = -3*b. Let p = n + 39. What is the tens digit of p?
2
Let g(a) = 2*a - 8. Let d be g(3). Let k = 22 - 6. What is the tens digit of (5/(-4))/(d/k)?
1
Let l = 0 + 1. Let p be 1/(-4) - (-1)/4. Let t = l - p. What is the units digit of t?
1
What is the hundreds digit of (1 - -2) + 0 + (182 - -5)?
1
Suppose 0 = 2*s - s. Suppose 16 = 4*j - s*j. What is the units digit of j?
4
Suppose -11 = 2*l + 9. Let x = l + 20. What is the tens digit of x?
1
Suppose 5*b - 4*w + 42 = 0, b - 2*w = w - 4. Let d = 15 - b. What is the tens digit of d?
2
Let f(h) = -23*h - 1. What is the tens digit of f(-4)?
9
Let z(s) be the second derivative of s**4/12 - s. Suppose 3*x - 5 = -2. What is the units digit of z(x)?
1
Suppose 4*u = g + 4*g, 0 = 4*g + 4*u. Suppose g = 2*a - 2. What is the units digit of a?
1
Let l(m) = m**2 + 2*m + 3. Let o be l(3). Suppose -2*h = h - o. What is the units digit of h?
6
Let m(t) = 6*t + 10*t**2 + t**3 - t**2 - 2*t + 3*t. What is the units digit of m(-8)?
8
Suppose 0 = -4*d - 54 - 350. Let t = -70 - d. What is the units digit of t?
1
Suppose -27*d + 11*d + 4400 = 0. What is the tens digit of d?
7
Let u(w) = 7*w - 8. Let f = 7 + -1. What is the units digit of u(f)?
4
Let r be ((